 is the greatest common divisor of f and 96?
12
Suppose 7 - 3 = 2*m. Let d be 2/(-1) - (-14 - m). Suppose -3*g - 80 = -2*w - 5*g, -20 = -4*g. What is the greatest common factor of w and d?
7
Let v = -86 + 158. Let h = 13 - 4. What is the greatest common factor of h and v?
9
Let j(c) = -2*c + 9. Let h(p) = 3*p - 19. Let u(d) = 4*h(d) + 7*j(d). Let l be u(-14). Calculate the highest common divisor of l and 10.
5
Let w be (-5)/4*(-4)/1. Suppose w*t - 110 = -0*t. Let r(p) = p**3 + 2*p**2 + 2. Let q be r(-2). What is the highest common factor of t and q?
2
Let x(w) = w**3 - w**2 + 23. Let b be x(0). Suppose 4*t - 59 = -b. Calculate the greatest common divisor of 9 and t.
9
Let f(b) be the first derivative of 11*b**2/2 - b - 1. Let v be f(1). Calculate the greatest common divisor of 25 and v.
5
Let m(d) = -d + 8. Let r be m(6). Let h(z) = 2*z**2 - 2 + 0*z**r + 3 + 3*z. Let t be h(-4). Calculate the highest common divisor of 3 and t.
3
Let x be (-1)/5 + 3647/35. What is the greatest common divisor of 13 and x?
13
Let q = -242 + 354. Let k = 48 - 34. What is the greatest common factor of k and q?
14
Suppose -2*f + 14 = -3*o - 8, -33 = 2*o - 5*f. Let y = 25 - 18. Let z = y + o. What is the greatest common divisor of z and 1?
1
Suppose -4*l = l - 5. Let c = l - 0. Let w(o) = -o + 7. Let q be w(0). Calculate the greatest common factor of c and q.
1
Suppose y + 16 = -5*j, -3*j + 8*j + 25 = 0. Let c = 30 + y. What is the greatest common factor of 13 and c?
13
Let i(g) = -g**2 + 17*g - 1. Let w be i(13). Calculate the highest common factor of w and 17.
17
Let t be -1 + (-3)/6*-2. Suppose 3*y + 42 = -t*y. Let b be (-6)/(((-8)/y)/(-2)). What is the greatest common divisor of b and 14?
7
Suppose x - 4*c - 18 = 0, 6*x - 3*x + 3*c - 24 = 0. Let g = x - -12. Calculate the highest common divisor of 22 and g.
22
Suppose -2*u - 4 = -4*u. Let l be u + -1 - (-5 - -1). Calculate the greatest common factor of 35 and l.
5
Let i = 13 - 64. Let s be i/(-6) - 3/6. Calculate the highest common divisor of s and 8.
8
Let w be (0 + -1)/(4/(-8)). Suppose 2 = w*a - 4. Calculate the highest common divisor of 12 and a.
3
Suppose -g = -3*d + 2, 4*g - 7 = 5*d - 1. Suppose 0 = -d*j + 3 + 25. What is the highest common divisor of j and 28?
14
Let z = 4 + -1. Suppose z*q - q - 60 = 0. What is the greatest common divisor of 6 and q?
6
Let j be 13 + 4*2/8*1. What is the highest common factor of j and 42?
14
Let h = -2 - 2. Let i be 12/8 - 58/h. What is the greatest common divisor of 8 and i?
8
Suppose 2*p + 8 - 1 = l, 4*p + 41 = 5*l. Suppose 2*q + z = -3, -q - l = 2*z - 3*z. Let k be (-2)/q - 58/(-4). Calculate the greatest common divisor of k and 5.
5
Suppose 4*s - 66 = s. Suppose -5*v - s + 117 = 0. What is the highest common divisor of 57 and v?
19
Suppose -2*c + 41 + 15 = 0. Let i = -16 + c. Let z(j) = 7*j - 5. Let m be z(5). Calculate the greatest common factor of m and i.
6
Let z = -1 + 1. Suppose -5*j + z*j = -75. What is the greatest common divisor of j and 45?
15
Suppose -5*f = -9*f + 44. Calculate the greatest common factor of 121 and f.
11
Let o(u) = -u**2 + 12*u - 11. Let d = -1 - -9. Let z be o(d). Calculate the greatest common divisor of z and 21.
21
Let h = 20 - 9. Calculate the highest common factor of h and 44.
11
Suppose 4*d + 555 = 3*x, -5*d + 0*x - x - 708 = 0. Let m = -76 - d. What is the greatest common factor of m and 13?
13
Suppose 2*k - k = -2*g, 10 = -5*k - 5*g. Let w(o) = -2*o - 4. Let j be w(k). What is the greatest common divisor of j and 28?
4
Let c(l) = -l**2 - 24*l - 17. Let a be c(-20). Calculate the highest common factor of a and 9.
9
Let v = -22 - -154. What is the greatest common factor of 12 and v?
12
Let c(k) = k**3 + 8*k**2 - 3*k - 10. Let t be c(-8). Calculate the greatest common divisor of 35 and t.
7
Let d = -10 - -27. Suppose m = -m - 4*f + 362, -371 = -2*m - f. What is the highest common divisor of m and d?
17
Let j(r) = -7*r + 4*r + r**2 + 4*r**2 - 3. Let s be j(3). What is the greatest common divisor of 3 and s?
3
Let y = 113 + 360. Calculate the greatest common factor of 43 and y.
43
Suppose -2*p = -p - 7. Suppose -2*o = -0*o - 154. Calculate the greatest common factor of p and o.
7
Let o(a) = -a**3 - 5*a**2 - a + 3. Let i be o(-3). Let d be (6/(-5))/(i/210). What is the highest common factor of 14 and d?
7
Suppose -2*j - 11 = -3. Let t be (21/(-12))/(1/j). What is the highest common factor of 49 and t?
7
Let m(r) = -2*r + 1. Let z be m(-7). Let f be -13*z/(-6)*2. Calculate the highest common factor of 13 and f.
13
Let n(o) = -5*o + 3. Let j be n(-6). Let s be (2 - 1)/(3/j). Let t = 112 - 90. Calculate the highest common divisor of s and t.
11
Let m = 25 + 37. Let l be 136/6 + (-8)/12. Let o = m - l. What is the greatest common factor of o and 16?
8
Suppose 3*b + 5*q - 9 = 188, -3*q = -2*b + 125. Calculate the greatest common divisor of b and 32.
32
Let i be -2*(0 + -6) - 3. Let h = -96 + 177. What is the greatest common factor of h and i?
9
Suppose -362 = -3*q - 92. What is the highest common factor of 36 and q?
18
Suppose 2*g = -2*j - 2*g + 336, -4*j + 4*g = -636. What is the highest common divisor of 18 and j?
18
Let p be 16*1/((-1)/(-2)). Suppose 626*a - 32 = 624*a. What is the greatest common factor of p and a?
16
Let f be 1/((-9)/2) - (-1586)/9. Calculate the greatest common divisor of 22 and f.
22
Let c = -60 + 165. Let y(k) = 5*k**2 + 2*k - 1. Let h be y(-2). What is the greatest common factor of c and h?
15
Let a = 0 - 0. Suppose a = 4*k - 9*k + 440. What is the greatest common factor of k and 11?
11
Let q = -161 + 257. Let v be -4*(-1 + 0 - 2). What is the highest common factor of q and v?
12
Suppose -3*i = -817 + 73. What is the greatest common divisor of i and 31?
31
Let j be (-396)/(-16) - 12/16. Suppose -s + 218 = -j. Calculate the highest common factor of 22 and s.
22
Suppose 5*x - 35 = 5. Calculate the highest common factor of x and 1.
1
Let g(y) = y**3 + y**2 - 3*y + 2. Let o be g(2). Let t = 10 + 70. Calculate the greatest common divisor of o and t.
8
Let r(h) = -h. Let w be r(0). Suppose -5*s = g - 76 + 6, w = -3*s - g + 42. What is the greatest common factor of s and 14?
14
Suppose -44 = -5*w - 9. Calculate the highest common factor of w and 56.
7
Suppose -5*p - 10 = 5*c, p - 3 + 1 = c. Let f = p - -5. Let z be (2 - -6)/(1/f). Calculate the highest common divisor of z and 10.
10
Let w be 6*1 + (-6)/2. Suppose 0 = -w*y - r + 158, 62 + 92 = 3*y + 2*r. What is the greatest common divisor of 9 and y?
9
Let f(u) = -u + 3. Let s be f(5). Let q(v) = 80*v**2 + 2*v - 1. Let j be q(1). Let n be j/6*s/(-3). Calculate the highest common divisor of 45 and n.
9
Suppose 0 = -z - z + b + 19, 4*z = 5*b + 23. Suppose 0 = 5*t - 8 - z. Suppose 4*v = 20, s - 23 = -t*v - 0*v. Calculate the greatest common factor of s and 21.
3
Let q = -3 - -10. Let z(g) = 3*g + 3 + 7 - 1 - 4*g. Let u be z(q). What is the highest common divisor of u and 10?
2
Let k = 2 - -4. What is the highest common divisor of k and 12?
6
Suppose 3*x - 56 = -5*q, 3*q = -3*x - x + 27. Suppose -n + 2*w + 60 = -0*w, 2*n = -2*w + 96. What is the highest common divisor of q and n?
13
Let o = -23 - -34. What is the greatest common divisor of 121 and o?
11
Suppose -10*b = -1066 - 1014. Calculate the greatest common factor of b and 13.
13
Suppose -1715 = -6*u - u. Calculate the greatest common factor of u and 49.
49
Suppose 0 = 4*x - 252 - 280. Suppose 2*a = a + x. Calculate the greatest common divisor of 19 and a.
19
Suppose 3*n - x - 65 = -3*x, -n = -3*x - 18. What is the greatest common factor of n and 63?
21
Suppose -6*g + 150 = -g. Let c be ((-3)/9)/((-2)/g). Calculate the greatest common divisor of c and 25.
5
Let h(p) = 10*p**3 - 2*p**2 + 2*p. Let s = 6 + -4. Let y be h(s). Suppose -y + 31 = -3*n. What is the greatest common divisor of n and 165?
15
Suppose 3*j = 3*x - 45, 3*x = j - 1 + 36. Suppose 4*u + 5 = -11, -u + 21 = s. Let y be s + -1 + 1/1. Calculate the highest common divisor of x and y.
5
Let m(s) = -s**2 + 9*s + 11. Let x be m(10). Calculate the highest common divisor of x and 11.
1
Let u be (-4)/(-18) - 2710/45. Let r = u + 86. What is the greatest common divisor of 65 and r?
13
Let a = -13 + 34. Calculate the highest common divisor of a and 3.
3
Suppose 0 = 2*